 -4 (base 7) in base 6?
-4
-6 (base 10) to base 2
-110
-1 (base 12) to base 9
-1
Convert -52 (base 7) to base 15.
-27
What is -10 (base 5) in base 8?
-5
1001000 (base 2) to base 8
110
What is -1 (base 12) in base 16?
-1
Convert -27 (base 13) to base 15.
-23
-44 (base 6) to base 9
-31
Convert 1 (base 14) to base 8.
1
1232 (base 4) to base 9
132
What is -c (base 13) in base 16?
-c
Convert 40 (base 16) to base 10.
64
-213 (base 12) to base 13
-1a4
30 (base 4) to base 10
12
Convert 26 (base 11) to base 14.
20
Convert 26 (base 8) to base 15.
17
-5 (base 12) to base 8
-5
What is 12 (base 9) in base 12?
b
99 (base 10) to base 9
120
Convert -21 (base 7) to base 2.
-1111
Convert -21 (base 3) to base 6.
-11
What is 0 (base 14) in base 6?
0
1001 (base 2) to base 8
11
111101 (base 2) to base 3
2021
Convert -4 (base 10) to base 8.
-4
Convert -22 (base 7) to base 8.
-20
Convert 12 (base 11) to base 6.
21
What is 2 (base 5) in base 2?
10
3 (base 8) to base 7
3
-2111 (base 3) to base 13
-52
Convert 25 (base 11) to base 16.
1b
What is -3 (base 15) in base 2?
-11
-231 (base 5) to base 8
-102
26 (base 7) to base 9
22
-500 (base 7) to base 14
-137
What is -6 (base 11) in base 14?
-6
What is 176 (base 8) in base 5?
1001
Convert -212 (base 4) to base 13.
-2c
Convert 20 (base 4) to base 3.
22
Convert -1 (base 8) to base 6.
-1
What is 341 (base 5) in base 7?
165
0 (base 15) to base 2
0
What is -10110 (base 2) in base 11?
-20
-1 (base 7) to base 10
-1
112 (base 8) to base 6
202
9 (base 15) to base 13
9
Convert 55 (base 7) to base 11.
37
2 (base 15) to base 10
2
Convert -2 (base 12) to base 8.
-2
-19 (base 15) to base 14
-1a
What is -12 (base 16) in base 12?
-16
Convert -1 (base 7) to base 3.
-1
Convert -1 (base 8) to base 12.
-1
Convert -2 (base 11) to base 16.
-2
What is -2 (base 4) in base 16?
-2
52 (base 13) to base 11
61
Convert 21 (base 3) to base 12.
7
49 (base 10) to base 16
31
-24 (base 9) to base 16
-16
-7 (base 15) to base 5
-12
What is -1a (base 11) in base 14?
-17
What is -16 (base 13) in base 8?
-23
Convert e (base 15) to base 11.
13
-34 (base 10) to base 4
-202
What is -2 (base 5) in base 11?
-2
What is 42 (base 5) in base 8?
26
What is -63 (base 10) in base 7?
-120
Convert 0 (base 7) to base 8.
0
32 (base 8) to base 13
20
Convert 6 (base 7) to base 5.
11
38 (base 16) to base 3
2002
What is -320 (base 5) in base 13?
-67
2 (base 9) to base 11
2
-1 (base 6) to base 3
-1
-20 (base 8) to base 15
-11
What is 12 (base 4) in base 2?
110
What is 3 (base 5) in base 10?
3
What is 6 (base 10) in base 13?
6
What is 31 (base 4) in base 5?
23
Convert -7 (base 16) to base 3.
-21
-2 (base 8) to base 12
-2
Convert -51 (base 12) to base 15.
-41
What is -44 (base 7) in base 13?
-26
What is 7 (base 14) in base 13?
7
Convert -3 (base 8) to base 14.
-3
What is 3 (base 11) in base 9?
3
What is 1 (base 13) in base 4?
1
What is -a (base 11) in base 12?
-a
What is 85 (base 12) in base 2?
1100101
Convert -16 (base 12) to base 14.
-14
-10 (base 9) to base 10
-9
Convert 7 (base 13) to base 5.
12
Convert 10110 (base 4) to base 15.
136
Convert 0 (base 11) to base 6.
0
What is -7 (base 9) in base 15?
-7
Convert -1 (base 4) to base 16.
-1
-263 (base 7) to base 14
-a3
Convert 6 (base 8) to base 16.
6
312 (base 5) to base 14
5c
1 (base 7) to base 15
1
Convert 35 (base 8) to base 11.
27
Convert -68 (base 10) to base 9.
-75
What is -1 (base 4) in base 2?
-1
-33 (base 6) to base 9
-23
17 (base 10) to base 9
18
What is -15 (base 6) in base 8?
-13
What is -11 (base 16) in base 2?
-10001
72 (base 12) to base 3
10012
144 (base 7) to base 13
63
Convert 4 (base 10) to base 8.
4
Convert -4 (base 16) to base 10.
-4
-3002 (base 4) to base 7
-365
Convert -1 (base 9) to base 16.
-1
2d (base 16) to base 2
101101
7b (base 16) to base 5
443
Convert 100 (base 2) to base 4.
10
Convert 2 (base 16) to base 7.
2
-2 (base 3) to base 8
-2
33 (base 16) to base 14
39
What is -65 (base 9) in base 11?
-54
Convert 2 (base 16) to base 13.
2
110 (base 2) to base 9
6
Convert -201 (base 5) to base 3.
-1220
-13 (base 7) to base 12
-a
Convert 1 (base 13) to base 5.
1
Convert 12 (base 4) to base 12.
6
-61 (base 11) to base 16
-43
What is -9 (base 13) in base 5?
-14
Convert 56 (base 9) to base 8.
63
27 (base 8) to base 12
1b
Convert 2 (base 10) to base 13.
2
0 (base 10) to base 16
0
Convert 100111 (base 2) to base 15.
29
Convert 13 (base 4) to base 8.
7
Convert 5 (base 10) to base 3.
12
What is 3 (base 6) in base 11?
3
What is 101000000 (base 2) in base 12?
228
What is 24 (base 7) in base 15?
13
Convert -70 (base 9) to base 13.
-4b
Convert -330 (base 5) to base 4.
-1122
What is 4 (base 9) in base 14?
4
What is -20 (base 3) in base 14?
-6
Convert -45 (base 10) to base 4.
-231
-2 (base 3) to base 7
-2
What is 0 (base 2) in base 7?
0
Convert -2 (base 5) to base 9.
-2
Convert 5 (base 10) to base 9.
5
Convert 96 (base 14) to base 10.
132
134 (base 9) to base 16
70
1 (base 14) to base 3
1
30 (base 5) to base 4
33
What is -46 (base 11) in base 3?
-1212
What is -103 (base 6) in base 5?
-124
42 (base 5) to base 14
18
What is -6 (base 15) in base 12?
-6
Convert -74 (base 9) to base 11.
-61
Convert -32 (base 10) to base 2.
-100000
Convert -5b (base 14) to base 6.
-213
Convert -21010 (base 3) to base 7.
-363
What is -242 (base 5) in base 10?
-72
What is 4 (base 11) in base 8?
4
Convert 89 (base 11) to base 15.
67
-1 (base 14) to base 12
-1
What is -22 (base 4) in base 16?
-a
What is 224 (base 6) in base 10?
88
Convert -21 (base 6) to base 5.
-23
Convert -1023 (base 4) to base 15.
-50
3 (base 5) to base 4
3
-2 (base 5) to base 12
-2
2 (base 12) to base 9
2
-10212 (base 3) to base 12
-88
Convert -3 (base 10) to base 16.
-3
What is -2 (base 13) in base 10?
-2
7 (base 12) to base 2
111
What is -181 (base 16) in base 7?
-1060
-22 (base 9) to base 4
-110
Convert 3 (base 4) to base 11.
3
What is 101 (base 9) in base 3?
10001
Convert 0 (base 4) to base 14.
0
114 (base 6) to base 5
141
Convert 36 (base 10) to base 5.
121
Convert -100111 (base 2) to base 16.
-27
344 (base 5) to base 9
120
-32 (base 15) to base 14
-35
3 (base 8) to base 10
3
What is -5 (base 11) in base 7?
-5
What is 102 (base 6) in base 4?
212
What is 234 (base 5) in base 13?
54
What is -27 (base 15) in base 4?
-211
What is 11 (base 3) in base 16?
4
What is -80 (base 10) in base 16?
-50
What is -1a (base 15) in base 12?
-21
What is 1012 (base 5) in base 13?
a2
What is -3 (base 16) in base 12?
-3
What is -24 (base 5) in base 10?
-14
Convert -1 (base 10) to base 7.
-1
-9 (base 14) to base 10
-9
Convert -54 (base 9) to base 15.
-34
-63 (base 10) to base 2
-111111
-54 (base 6) to base 2
-100010
Convert -47 (base 11) to base 3.
-1220
What is -2 (base 14) in base 10?
-2
Convert 331 (base 5) to base 6.
231
13 (base 5) to base 14
8
What is 7 (base 10) in base 6?
11
What is 3 (base 6) in base 4?
3
Convert -13 (base 13) to base 9.
-17
17 (base 9) to base 3
121
Convert 21 (base 3) to base 6.
11
What is -3 (base 14) in base 13?
-3
What is 220 (base 7) in base 9?
134
15 (base 15) to base 14
16
-9 (base 12) to base 7
-12
Convert -1111 (base 2) to base 10.
-15
2 (base 11) to base 6
2
10010110 (base 2) to base 6
410
-29 (base 12) to base 6
-53
Convert -322 (base 5) to base 7.
-153
Convert -120 (base 3) to base 9.
-16
Convert -331 (base 5) to base 12.
-77
-102 (base 4) to base 15
-13
What is 4 (base 7) in base 3?
11
31 (base 8) to base 15
1a
Convert 13 (base 11) to base 9.
15
0 (base 7) to base 9
0
What is -34 (base 16) in base 3?
-1221
Convert 0 (base 14) to base 9.
0
What is 4 (base 14) in base 9?
4
Convert -262 (base 8) to base 16.
-b2
What is -53 (base 7) in base 8?
-46
What is -120 (base 7) in base 11?
-58
Convert -3 (base 16) to base 15.
-3
Convert -5 (base 6) to base 7.
-5
163 (base 11) to base 3
21001
-34 (base 5) to base 8
-23
Convert 1 (base 14) to base 4.
1
Convert 1 (base 6) to base 4.
1
-3 (base 16) to base 15
-3
Convert 212 (base 4) to base 3.
1102
7 (base 14) to base 13
7
What is 0 (base 9) in base 3?
0
Convert -77 (base 14) to base 15.
-70
14 (base 8) to base 16
c
3 (base 15) to base 13
3
Convert 15 (base 11) to base 8.
20
Convert -a (base 14) to base 13.
-a
51 (base 16) to base 4
1101
What is f (base 16) in base 12?
13
Convert 4 (base 12) to base 3.
11
What is -16 (base 15) 